se 13, what is 3 - 153c?
-1539
In base 6, what is -122304 - -12?
-122252
In base 7, what is -30 - -12044?
12014
In base 9, what is 34 + 11226?
11261
In base 12, what is 4527 - -194?
46bb
In base 11, what is 37734 + 5?
37739
In base 13, what is -67c6 + -47?
-6840
In base 13, what is -16664 - -6?
-1665b
In base 16, what is -1 - 9e?
-9f
In base 2, what is 1110001111010 + -10101?
1110001100101
In base 5, what is -4 + -141110?
-141114
In base 4, what is 10 + 1323223?
1323233
In base 11, what is 4 - 14500?
-144a7
In base 10, what is -17038 - 18?
-17056
In base 11, what is -23904 + -4?
-23908
In base 8, what is -5523 + 61?
-5442
In base 15, what is 4 + b1e?
b23
In base 14, what is -c34 - d?
-c43
In base 13, what is -8cb5 - 66?
-904b
In base 3, what is 12110 + 101120022?
101202202
In base 14, what is 21 - -5a?
7b
In base 16, what is -536a2 + 4?
-5369e
In base 15, what is -1b + -10b65?
-10b81
In base 9, what is -1077 + -44?
-1132
In base 13, what is -b - -10bb?
10b0
In base 14, what is -a8cc - -5?
-a8c7
In base 7, what is 5434 - 125?
5306
In base 3, what is -2212222112 - 10?
-2212222122
In base 2, what is 1010001 - 10110010101?
-10101000100
In base 3, what is 1100221022 - -101?
1100221200
In base 5, what is 33000 - -11?
33011
In base 10, what is -24505 + 39?
-24466
In base 3, what is -111 + -10212220002?
-10212220120
In base 10, what is 5176338 + 2?
5176340
In base 15, what is -ba - c0?
-18a
In base 3, what is -102210212 + -102?
-102211021
In base 6, what is 2000 + 5533?
11533
In base 8, what is 160464 + 16?
160502
In base 13, what is -b809 + -6?
-b812
In base 10, what is -32 + 43?
11
In base 16, what is -a6 - b?
-b1
In base 11, what is 5 + -8179?
-8174
In base 3, what is -2000122101 + 2?
-2000122022
In base 11, what is 4127 + a1?
4218
In base 9, what is -26 + 2660?
2633
In base 5, what is -4233220 + 21?
-4233144
In base 14, what is 1b24 + -6a?
1a98
In base 14, what is -b3 + 18?
-99
In base 10, what is -5 - 43423?
-43428
In base 3, what is -2001212222 - 211?
-2001220210
In base 11, what is -3493 - 2?
-3495
In base 5, what is 224221 + 10?
224231
In base 3, what is -101 - -222111002?
222110201
In base 14, what is 11a - 21c?
-102
In base 10, what is 20 + 130557?
130577
In base 5, what is -304 + -13243?
-14102
In base 6, what is 231033 - -2?
231035
In base 7, what is -236 - 2120?
-2356
In base 3, what is -1020101201 + -2001?
-1020110202
In base 13, what is 2c709 + 2?
2c70b
In base 15, what is a - -443?
44d
In base 3, what is 1211021201211 + -12?
1211021201122
In base 10, what is -3 + -146607?
-146610
In base 3, what is 0 + -2021222200202?
-2021222200202
In base 15, what is 23 - -3c?
60
In base 10, what is 45 + -3771?
-3726
In base 14, what is -20 + 21?
1
In base 8, what is 44 + -4157?
-4113
In base 9, what is -78 - -342?
253
In base 12, what is 5140 + -3?
5139
In base 12, what is 0 - -58a7?
58a7
In base 6, what is -10400 - 1041?
-11441
In base 6, what is -12 - 150?
-202
In base 7, what is -13 - -1416?
1403
In base 12, what is -221b2 - 2?
-221b4
In base 9, what is 205 - 166?
28
In base 8, what is -13 - -51222?
51207
In base 3, what is -12111011 + 21002?
-12020002
In base 10, what is 45 + -11811?
-11766
In base 15, what is 23e98 - -4?
23e9c
In base 15, what is -2e + 3a?
b
In base 2, what is -100 + 11011001110011011?
11011001110010111
In base 15, what is -33312 + -6?
-33318
In base 10, what is 19 - 3546?
-3527
In base 7, what is 423 - -1256?
2012
In base 2, what is -10100000 + -11101010101?
-11111110101
In base 4, what is 0 + -13122221?
-13122221
In base 6, what is 50 - -240?
330
In base 6, what is -4 + -30040002?
-30040010
In base 8, what is -72 - 2567?
-2661
In base 10, what is -10136 - 3?
-10139
In base 6, what is -11341 - -55?
-11242
In base 10, what is 0 + 25436?
25436
In base 5, what is 14 - -223044?
223113
In base 6, what is -2004 + -4030?
-10034
In base 9, what is 70648 - -5?
70654
In base 16, what is -3d97 + -84?
-3e1b
In base 7, what is -3 - 15516?
-15522
In base 13, what is 7c69 + -4?
7c65
In base 3, what is 100221 - -11222110?
12100101
In base 6, what is -144444 - 21?
-144505
In base 5, what is 3242014 - -103?
3242122
In base 2, what is -10001111110100001000 + 100?
-10001111110100000100
In base 7, what is -500 + -4156?
-4656
In base 8, what is -2 + -475227?
-475231
In base 16, what is 3 - -3917?
391a
In base 10, what is 46 - -5556?
5602
In base 3, what is -111100112222021 - -11?
-111100112222010
In base 5, what is -2332 + 3111?
224
In base 16, what is -26199 + 8?
-26191
In base 14, what is 4 - 15431?
-1542b
In base 15, what is 606 - -3c4?
9ca
In base 9, what is -14 - 72224?
-72238
In base 16, what is 1c1 - -8a?
24b
In base 14, what is -3 + -4774?
-4777
In base 10, what is -39344 + -14?
-39358
In base 4, what is -11010 + 13?
-10331
In base 16, what is 1 - 3d8?
-3d7
In base 12, what is 59447 - -3?
5944a
In base 7, what is 3 + -533454?
-533451
In base 3, what is -11122120202022 - 10?
-11122120202102
In base 6, what is 4 - -211215?
211223
In base 11, what is -46 - -3656?
3610
In base 10, what is -9428 + -82?
-9510
In base 11, what is 179 + 197?
365
In base 13, what is 3 + -7b07?
-7b04
In base 16, what is -4 + -363c?
-3640
In base 8, what is -3 - -6640?
6635
In base 15, what is 9611b + -2?
96119
In base 3, what is 11 + 110011211?
110011222
In base 9, what is -57213 + -5?
-57218
In base 11, what is 513 - 3?
510
In base 5, what is -3 - -4440301?
4440243
In base 7, what is 2 + 101252?
101254
In base 15, what is 0 + -2c9ba?
-2c9ba
In base 11, what is 31312 - 2?
31310
In base 11, what is -833 + -135?
-968
In base 11, what is -5 + 24a614?
24a60a
In base 15, what is -8b3e + -5?
-8b44
In base 14, what is -72 + b4?
42
In base 6, what is 25550100 - 2?
25550054
In base 13, what is 63937 - -3?
6393a
In base 7, what is 0 + -55043?
-55043
In base 10, what is -37 - 528?
-565
In base 4, what is -2011112 + 132?
-2010320
In base 10, what is -55 - 94?
-149
In base 7, what is 4 + 1035600?
1035604
In base 2, what is 1 - 11010110101000111?
-11010110101000110
In base 11, what is -582a + -735?
-6464
In base 3, what is 12 - 200121100?
-200121011
In base 4, what is 113 - 10231323?
-10231210
In base 8, what is -73 + -350?
-443
In base 5, what is 2204123302 + -4?
2204123243
In base 9, what is 704531 - 4?
704526
In base 15, what is -473 + -29?
-49c
In base 10, what is 5 + 5923?
5928
In base 3, what is -2 - 12122210100?
-12122210102
In base 12, what is 56735 - -1?
56736
In base 14, what is -32b + -64?
-391
In base 2, what is -1000111100 + -111?
-1001000011
In base 6, what is 1224 + 2?
1230
In base 11, what is 4 + -a056?
-a052
In base 13, what is 829 - -4?
830
In base 15, what is 2 - 12c8ea?
-12c8e8
In base 4, what is 10 - 1000120?
-1000110
In base 12, what is 42500 + 1?
42501
In base 11, what is -57a71 - -1?
-57a70
In base 7, what is -4631 - -421?
-4210
In base 8, what is 20 - -204532?
204552
In base 5, what is 33412 + 1?
33413
In base 4, what is 333 + 3313?
10312
In base 13, what is -22 + 4829?
4807
In base 16, what is 5 - -660?
665
In base 13, what is 1931 - -62?
1993
In base 16, what is 2db + 15?
2f0
In base 16, what is c - 2f4ae?
-2f4a2
In base 2, what is 1011111101101010 + -100?
1011111101100110
In base 9, what is -38568 + 16?
-38552
In base 2, what is 10110110111000 - 1?
10110110110111
In base 12, what is -4 - 15712?
-15716
In base 9, what is 137074 + -1?
137073
In base 16, what is -15ff7c + -1?
-15ff7d
In base 2, what is 100 - -101001100010000?
101001100010100
In base 4, what is -32000310 + 11?
-32000233
In base 13, what is 560c + 4?
5613
In base 9, what is -201 + -30?
-231
In base 6, what is -2415 + 522?
-1453
In base 3, what is -12 - -120001202112?
120001202100
In base 3, what is 2121 - -10102112?
10112010
In base 9, what is 228 - 33?
185
In base 11, what is 37 - 79a?
-763
In base 11, what is -621a + -2?
-6221
In base 14, what is a74d + -4?
a749
In base 13, what is 12 - 286?
-274
In base 13, what is 2749c4 + 1?
2749c5
In base 8, what is 30036 - -5?
30043
In base 4, what is -103102133 - 11?
-103102210
In base 3, what is -1211210201 - -10?
-1211210121
In base 5, what is -3303 - -344?
-2404
In base 14, what is 1d - 1c77?
-1c58
In base 2, what is 1110000011110010110 + 100?
1110000011110011010
In base 15, what is 6 - d6e?
-d68
In base 11, what is -39658a2 + -3?
-39658a5
In